 d(y) = 4*y - 2. What is d(-3)?
-14
Let y(b) = 4*b**3 - b**2 + 2. Calculate y(-2).
-34
Let g(u) = -5*u**2 + 61*u - 15. What is g(12)?
-3
Let i(o) = -2*o**2 - 6*o + 70. Give i(-8).
-10
Let i(t) = -69*t + 198. What is i(3)?
-9
Let o(h) = h**2 + 13*h + 54. Determine o(-5).
14
Let u(w) = w**2 + 13*w - 15. Give u(-13).
-15
Let i(w) = -20*w**3 + 2*w**2 - 2. Give i(-1).
20
Let r(u) = -u**3 + 3*u**2 + 14*u - 13. What is r(5)?
7
Let d(f) = -8*f - 6. What is d(-5)?
34
Let i(o) = o**3 + o**2 + o - 7. Determine i(0).
-7
Let g(x) = x**2 - 2*x. Determine g(-2).
8
Let y(f) = -f**3 - 2*f**2 - 3*f - 3. Give y(-3).
15
Let a(d) = 4*d**2 + 7*d + 1. Give a(-5).
66
Let o(v) = v**3 - 11*v**2 - 9*v - 41. What is o(12)?
-5
Let v(c) = c**2 + 2*c - 2. Determine v(2).
6
Let n(o) = -3*o**2 + 2*o + 1. Determine n(3).
-20
Let g(y) = -5*y**2 - y. Determine g(1).
-6
Let j(g) = -14*g + 2. Determine j(-1).
16
Let f(c) = 10*c**3 - c**2 + c. Calculate f(1).
10
Let i(d) = -8*d**3 + d**2 + 4*d + 4. What is i(-1)?
9
Let u(a) = -7*a + 245. Determine u(34).
7
Let v(l) = 3*l**3 - l**2 + l + 6. Calculate v(0).
6
Let x(y) = 3*y**3 - y**2 - 7*y + 12. Determine x(2).
18
Let x(h) = -2*h**2 - 19*h + 15. What is x(-10)?
5
Let c(b) = -b - 2. Calculate c(9).
-11
Let k(x) = -4*x - 142. What is k(-26)?
-38
Let k(s) = -s**3 + 6*s**2 - 2*s - 9. Give k(5).
6
Let d(i) = i**2 + 3*i - 87. What is d(-11)?
1
Let o(k) = -k + 6. Determine o(7).
-1
Let p(w) = -w**2 + 18*w - 29. What is p(16)?
3
Let a(w) = w**3 + 11*w**2 + 15*w + 25. Determine a(-10).
-25
Let d(m) = -32*m + 571. What is d(18)?
-5
Let z(n) = n**3 + 7*n**2 + n - 7. Calculate z(-7).
-14
Let g(a) = a**3 - 4*a**2 - a - 7. What is g(5)?
13
Let w(i) = -i**2 - i + 8. Calculate w(6).
-34
Let v(t) = 8*t + 16. Calculate v(-4).
-16
Let r(z) = 14*z + 7. Calculate r(-4).
-49
Let i(y) = -y - 9. Determine i(-5).
-4
Let q(g) = -g**3 + 21*g**2 + 233*g + 13. Calculate q(-8).
5
Let y(j) = -48*j + 43. What is y(1)?
-5
Let v(t) = -t**3 - 8*t**2 - 8*t + 10. What is v(-7)?
17
Let s(l) = -29*l - 224. Calculate s(-7).
-21
Let j(f) = f**3 - 12*f**2 - f - 1. Determine j(12).
-13
Let s(a) = a**2 + 1. Determine s(4).
17
Let p(m) = 15*m + 203. Determine p(-14).
-7
Let d(h) = 2*h**2 + 83*h + 344. Calculate d(-37).
11
Let r(j) = 2*j**2 + 9*j - 21. Calculate r(-7).
14
Let m(a) = -a**2 - 24*a + 30. What is m(-24)?
30
Let c(d) = -4*d - 7. Determine c(-6).
17
Let v(z) = -6*z**2 - 56*z - 20. Calculate v(-9).
-2
Let g(w) = w**3 + 3*w**2 - 2*w - 2. What is g(-5)?
-42
Let z(l) = -l**3 - 7*l**2 - 13*l - 7. Determine z(-5).
8
Let o(y) = y**2 + 8*y + 8. Calculate o(-7).
1
Let t(h) = -6*h**2 + 70*h + 13. Determine t(12).
-11
Let a(h) = -2*h**2 + 7*h - 7. Give a(3).
-4
Let q(j) = -j**3 + 6*j**2 - 6*j - 5. Determine q(4).
3
Let f(t) = -t**3 - t**2 + 14*t - 4. Determine f(-6).
92
Let g(v) = 7*v - 29. Determine g(11).
48
Let l(v) = v**3 - 4*v**2 - 5*v - 11. What is l(6)?
31
Let a(k) = k**2 - 5*k - 14. Determine a(8).
10
Let a(j) = -j**3 - 8*j**2 + 4*j - 37. Calculate a(-9).
8
Let a(w) = -w**3 + 11*w**2 - 6*w - 13. What is a(10)?
27
Let l(n) = -n**2 - 24*n + 139. Give l(-29).
-6
Let u(a) = a**2 - 5*a - 30. Calculate u(9).
6
Let i(n) = -2*n**2 + 7*n - 2. Determine i(4).
-6
Let p(b) = 3*b + 52. Give p(-24).
-20
Let t(z) = 26*z + 227. What is t(-9)?
-7
Let u(n) = 2*n**2 + 16*n + 15. Give u(-6).
-9
Let k(f) = -f**3 - 3*f**2 + 7*f - 4. Determine k(2).
-10
Let i(o) = o**2 + o - 19. Calculate i(-8).
37
Let p(l) = -4*l - 41. Give p(-8).
-9
Let v(n) = 3*n**2 - 122*n + 78. Determine v(40).
-2
Let p(c) = -35*c**3 - c**2 + 4*c - 3. What is p(1)?
-35
Let n(f) = f**2 + 8*f - 10. Calculate n(-7).
-17
Let a(y) = y**2 - 5*y - 27. What is a(-5)?
23
Let i(w) = w**2 + w + 1. Give i(3).
13
Let q(o) = o**3 + 2*o**2 - 7*o - 6. What is q(-4)?
-10
Let a(l) = l**3 + 9*l**2 + 14*l - 20. Give a(-6).
4
Let h(p) = p**3 - 7*p**2 + 3*p - 2. Give h(6).
-20
Let g(r) = -r**2 + 42*r - 5. Calculate g(41).
36
Let n(z) = -6*z**3 - 2*z**2 + 2*z - 1. What is n(1)?
-7
Let y(g) = -2*g**3 + 24*g**2 + 3*g - 17. Determine y(12).
19
Let r(p) = -p**3 + 3*p**2 - 1. Determine r(3).
-1
Let q(x) = -x**3 - 10*x**2 - 12*x + 1. Calculate q(-9).
28
Let v(r) = 4*r**2 - 2*r. Give v(2).
12
Let t(c) = -c**3 - 30*c**2 + 135*c - 37. Give t(-34).
-3
Let g(y) = y**3 + 18*y**2 + 13*y - 51. What is g(-17)?
17
Let i(w) = -4*w + 2. Give i(-8).
34
Let y(i) = -i**2 + 5*i + 47. What is y(10)?
-3
Let p(u) = -u**3 - 30*u**2 + 38*u + 216. Give p(-31).
-1
Let i(k) = 29*k. Calculate i(1).
29
Let d(t) = -t**2 - 7*t + 5. Give d(-7).
5
Let z(u) = 15*u - 110. Determine z(7).
-5
Let g(m) = m**2 + 58*m + 212. Calculate g(-4).
-4
Let o(x) = x**3 + 6*x**2 - 3*x - 30. What is o(-4)?
14
Let l(u) = -u**2 + 8*u - 3. Determine l(5).
12
Let t(z) = 4*z**3 - 63*z**2 - 20*z + 67. Calculate t(16).
3
Let v(g) = 2*g + 15. What is v(-10)?
-5
Let b(u) = 3*u**3 - 22*u**2 + 6*u + 14. Calculate b(6).
-94
Let x(m) = -12*m + 10. Calculate x(5).
-50
Let d(t) = -t**3 + 18*t**2 + 22*t - 16. Give d(19).
41
Let p(a) = -4*a - 7. What is p(-4)?
9
Let u(f) = -5*f**3 + 2*f + 4. Calculate u(-2).
40
Let p(c) = -2*c**3 - 5*c**2 - 5*c - 2. Give p(-3).
22
Let n(z) = 7*z**2 + 33*z - 6. What is n(-5)?
4
Let r(o) = 9*o**2 + 6*o. Calculate r(-2).
24
Let v(k) = 113*k**2 - k + 1. What is v(1)?
113
Let z(f) = -f**2 + f + 4. What is z(-2)?
-2
Let b(r) = -3*r - 1. What is b(-5)?
14
Let z(t) = 5*t + 15. Calculate z(-4).
-5
Let r(g) = 18*g - 62. What is r(3)?
-8
Let n(f) = -15*f + 138. Calculate n(10).
-12
Let v(b) = -2*b - 1. What is v(-3)?
5
Let f(n) = n**3 + 3*n**2 + n + 9. Determine f(-4).
-11
Let n(w) = -3*w + 35. Give n(14).
-7
Let p(j) = -j**3 + 14*j**2 - 13*j - 7. What is p(13)?
-7
Let j(q) = -427*q + 1716. Calculate j(4).
8
Let w(i) = -89*i - 1152. Calculate w(-13).
5
Let i(b) = -b**3 - 19*b**2 - 2*b - 47. Give i(-19).
-9
Let i(d) = -d**2 + 51. What is i(6)?
15
Let q(a) = a**3 + 5*a**2 - 9. What is q(-2)?
3
Let b(p) = -p**2 - 2*p. Give b(-4).
-8
Let h(a) = -7*a + 126. Determine h(17).
7
Let r(k) = -k**2 - 8*k + 9. Give r(-7).
16
Let b(c) = -c**2 - 24*c - 117. Give b(-18).
-9
Let v(p) = -33*p - 803. Give v(-24).
-11
Let d(f) = -f**3 + 6*f**2 + 2*f - 6. Calculate d(5).
29
Let m(b) = b**3 - 8*b**2 - 7*b - 12. What is m(9)?
6
Let s(q) = -3*q**3 - 2*q - 1. Give s(-1).
4
Let t(n) = -n**3 + 3*n**2 - n + 8. What is t(0)?
8
Let x(t) = -2*t**2 - 11*t - 9. Give x(-4).
3
Let d(n) = n**3 + 23*n**2 - 25*n - 40. Determine d(-24).
-16
Let g(x) = -x**3 + 7*x**2 - 15*x + 53. What is g(6)?
-1
Let l(k) = 13*k**3 - 2*k**2 + k. Give l(1).
12
Let x(w) = -w + 15. What is x(18)?
-3
Let k(s) = s**2 - 14*s + 12. Calculate k(16).
44
Let r(j) = j**3 + 8*j**2 + 3*j - 1. Determine r(-7).
27
Let d(z) = -z**3 + 9*z**2 - 4*z - 25. What is d(8)?
7
Let f(p) = 12*p - 7. What is f(-5)?
-67
Let b(o) = 2*o**3 - 27*o**2 + 10*o + 29. What is b(13)?
-10
Let d(q) = q**3 + q**2 + q + 36. Give d(0).
36
Let q(m) = m**3 - m**2 + 2*m - 2. Give q(2).
6
Let v(r) = 10*r + 122. What is v(-11)?
12
Let o(y) = -199*y + 1397. What is o(7)?
4
Let g(t) = 52*t - 8. Determine g(2).
96
Let v(w) = -w**2 + 18*w + 9. Calculate v(15).
54
Let t(r) = -r**3 + 7*r**2 - 6*r + 11. What is t(6)?
11
Let u(j) = -j**2 - 9*j - 24. What is u(-6)?
-6
Let d(h) = -h**3 + 2*h**2 + 2*h - 1. Give d(2).
3
Let o(t) = -6*t**2 + t + 2. What is o(-1)?
-5
Let j(x) = x**3 - 25*x**2 - 28*x + 26. Determine j(26).
-26
Let l(a) = 2*a**3 + 6*a**2 - 5. Calculate l(-4).
-37
Let z(c) = -c**3 + 15*c**2 + 54*c + 4. What is z(18)?
4
Let f(z) = z**2 + 7*z + 3. Give f(-5).
-7
Let q(k) = -4*k + 4. Calculate q(9).
-32
Let u(d) = d**3 + 11*d**2 + 16*d + 2. Give u(-9).
20
Let m(z) = 3*z**2 - 4*z. Determine m(2).
4
Let l(d) = 4*d - 36. Determine l(11).
8
Let s(b) = b**2 - 4*b - 10. What is s(7)?
11
Let p(h) = 21*h - 2. Give p(1).
19
Let m(y) = -y**2 - 14*y - 7. Determine m(-12).
17
Let l(s) = -6*s**2 - 3*s + 14. Determine l(-2).
-4
Let c(y) = -y**3 - 5*y**2 + 19*y + 17. What is c(-7)?
-18
Let j(c) = -c - 13. Calculate j(10).
-23
Let o(w) = w**3 - 11*w**2 - 10*w - 7. Give o(12).
17
Let n(a) = 3*a + 2. Give n(6).
20
Let k(m) = -53*m**3 + 3*m**2 - 3*m. What is k(1)?
-53
Let z(c) = -c**3 + 9*c**2 + 31*c + 9. Calculate z(12).
-51
Let z(x) = -20*x + 7. Give z(1).
-13
Let i(v) = -v + 30. What is i(-2)?
32
Let g(m) =